- 6*f**2 - 6*f + 6. Let k(x) = -x**2 - 4*x - 4. Let u be k(-5). Let d = u + 4. Let a be i(d). What is the greatest common factor of 110 and a?
11
Suppose 0*v - 165 = -5*v. Suppose 0 = -5*q + v + 27. What is the highest common factor of 24 and q?
12
Let c be (1/(-2) - 2)*-2. Suppose -c = -n + 6*n. Let y be 1240/48 - n/6. Calculate the greatest common factor of y and 52.
26
Let w be 1/3 - (-3)/(-9). Let g = w + 3. What is the highest common factor of 15 and g?
3
Suppose -w + 3*w - 24 = 0. What is the highest common factor of w and 18?
6
Let x = 467 - 242. Suppose 0 = 2*p - p. Suppose 0*t + 5*t - x = p. Calculate the highest common divisor of 5 and t.
5
Let g be (-8)/(-28) - (-180)/7. Suppose -2*t = -91 + 13. What is the highest common factor of g and t?
13
Suppose -3*i = -0*i - 105. Calculate the greatest common divisor of 5 and i.
5
Let l(j) = 137*j**2 - j. Let h be l(-1). Suppose 4*z + 0*z - 4*d = 204, 0 = 3*z + 2*d - h. What is the highest common divisor of z and 32?
16
Suppose 2*p - 3*t - 28 = t, -2*t - 32 = -2*p. Let n = 23 - 5. Calculate the greatest common factor of p and n.
18
Let z(k) = 7*k**3 - 4*k**2 + 3*k + 4. Let u be z(2). What is the highest common factor of u and 20?
10
Let p(a) = -a**3 + 16*a**2 + a - 6. Let u be p(16). Let b(i) = -i**2 - 11*i - 13. Let q be b(-9). What is the highest common divisor of q and u?
5
Suppose 2 - 32 = -3*d. Let r = d - 8. Calculate the highest common divisor of r and 1.
1
Suppose -4*h + 59 + 113 = 0. What is the greatest common factor of h and 172?
43
Suppose 566 = 5*p - 2*y, 3*y + 12 = -y. What is the highest common divisor of 32 and p?
16
Suppose a + 3*q = 3*a + 25, -2 = a + 2*q. Let x be 7/2 + 4/a. Calculate the highest common divisor of x and 33.
3
Let y = -21 + 34. Suppose 0 = 4*g - 5*m - 532, 2*g - 167 = -4*m + 125. Let o = g - 21. What is the greatest common divisor of y and o?
13
Let n be (-11)/(10/(-4)*(-3)/(-15)). Let q = -5 + 7. Calculate the highest common divisor of q and n.
2
Let n be 0 - ((-9)/(-1) + 1). Let w(b) = b**3 + 10*b**2 - 5*b - 2. Let x be w(n). Calculate the greatest common divisor of 6 and x.
6
Suppose 5*q - 258 = -18. Calculate the highest common factor of 32 and q.
16
Suppose -2*j + 268 = 5*a, a + j = 20 + 36. Calculate the highest common divisor of a and 13.
13
Let b = 0 - -5. Suppose 0 = 5*z + 5, -4*y - 4*z + 37 = -39. What is the highest common divisor of y and b?
5
Suppose 0*y = -2*y + 32. What is the greatest common factor of 16 and y?
16
Let u be 11 + (-2 - 0 - -3). Let s(o) = 7*o**3 + 3*o - 2. Let i be s(2). What is the greatest common divisor of i and u?
12
Let p = 7 - 5. Suppose -24 = -r - 3*v, -6*r + p*r + 2*v + 26 = 0. Calculate the highest common divisor of 9 and r.
9
Let i(p) = -2*p**2 + 2*p + 1. Let d be i(-4). Let b be 1*(-3)/9*d. Calculate the highest common divisor of 13 and b.
13
Suppose 0 = -5*m + 3*q - 715, -4*m - 540 = 4*q - 0*q. Let x be m/(-18) + (-6)/(-27). What is the greatest common divisor of x and 88?
8
Let x = 41 - 29. What is the greatest common factor of 8 and x?
4
Let t be -6*5/50 + (-73)/(-5). Calculate the greatest common divisor of t and 2.
2
Suppose 2*r = -3*f + 188, 308 = 5*f - 0*r + 2*r. Let h be 40*9/12*2. Suppose -4*v = 12 - h. What is the highest common factor of v and f?
12
Let p(s) = 21*s - 6. Let i be p(6). Suppose -2*t - 3*t + i = 0. Let q be (-36)/(-12) + -1 + 4. What is the greatest common factor of q and t?
6
Suppose 3*w + 27 = 4*q, 20 = -6*w + 2*w. Suppose -5*r + 17 = -3. Suppose 3*a - 15 = -2*p - p, 16 = -r*p + 5*a. What is the greatest common divisor of p and q?
1
Suppose 3*i = 2*i + k - 9, -i - 3*k = -7. Let p(c) = -5*c + 5. Let t be p(i). Let q = -15 + 60. Calculate the greatest common factor of t and q.
15
Let d = -78 - -138. Let i(f) = f**2 - 4. Let k be i(4). Suppose -u + k = -8. Calculate the highest common factor of u and d.
20
Let k = -42 - -25. Let s = -8 - k. Calculate the greatest common divisor of 36 and s.
9
Let h(c) = 6*c**2 + 4*c + 2. Let w = 9 - 6. Suppose 4*b + z + 9 = -2, -z = w. Let g be h(b). What is the greatest common factor of 6 and g?
6
Let i = 2 + 9. Calculate the greatest common divisor of i and 99.
11
Let c be (-5)/(3 + 16/(-4)). Calculate the highest common divisor of c and 55.
5
Let l = 45 - 14. What is the greatest common divisor of 31 and l?
31
Let r(b) = b**3 + b. Let s be -1 + 6/4*2. Let a be r(s). Calculate the highest common divisor of 5 and a.
5
Suppose -w = 3*w - 96. What is the highest common divisor of 16 and w?
8
Suppose 8 - 12 = -2*c. Suppose 0 = -4*z + 3*i + 2*i + 31, -2*z = c*i - 20. What is the highest common divisor of 3 and z?
3
Let q = 17 - 6. Let n = q + 55. Calculate the greatest common divisor of 11 and n.
11
Suppose -y + 3 = w, -w = 2*w - 4*y - 44. Suppose 2*n - 2*v - 7 = -1, 3*n - v - 7 = 0. Let g be 16/(-3*n/(-27)). Calculate the highest common factor of g and w.
8
Suppose -5*x + 17 - 2 = 0. Let l(r) = r**2 + 5*r + 2. Let i be l(-5). Calculate the greatest common divisor of x and i.
1
Let r(f) = -3 + 1 - 1 + f - 2*f. Let c be r(-7). Suppose 128 = c*j - 112. What is the greatest common factor of 12 and j?
12
Let o = -5 + 7. Let d(i) = -i + 20*i**2 + 9*i**o + 1 + 25*i**2 + 23*i**2. Let x be d(1). What is the highest common divisor of x and 11?
11
Let r(j) = 8*j - 68. Let f be r(19). What is the greatest common divisor of f and 12?
12
Suppose 0 = -2*b + 106 - 18. Suppose -q = 2*y - 4, 0 = -5*q + 2*y - y + 20. What is the highest common factor of b and q?
4
Let t = -24 - -34. Let j be ((-10)/(-1))/(-7 + 8). What is the highest common factor of j and t?
10
Suppose -j + 32 = 2*h, 4*j + 0*j = -4*h + 136. Suppose -5*q + g = -0*q - 20, q = -4*g + 4. Calculate the highest common factor of j and q.
4
Let s(b) = 3*b**2 + b + 1. Let l be s(-1). Suppose -5*q + l = -167. What is the highest common divisor of q and 85?
17
Let x(d) = -d**3 + 5*d**2 + 2*d - 6. Let z be x(4). Suppose -3*i = 2*r - i - 56, 2*i - 110 = -4*r. Calculate the greatest common divisor of r and z.
9
Let c be (-3)/(-1) + (-2 - -3). Suppose 3*f = 2*x + 4*f - 106, -c*f - 181 = -3*x. Calculate the highest common divisor of x and 22.
11
Let z = 9 + -5. Suppose -2*g + 5 = -39. Suppose 4*h = 2*s - 2 - 6, s = -z*h + g. What is the highest common factor of s and 25?
5
Let c(q) = 7*q**2 + 1. Let i be c(-1). Calculate the highest common divisor of 16 and i.
8
Let h(l) = l**2 - 7*l + 3. Let v be h(7). Suppose -5*j = -v*p + 19, 0 = -3*p + j - 0*j - 1. Let b = 22 - p. What is the highest common factor of 3 and b?
3
Let o be 2 + (3 - 0/(-1)). Let m be 53 + (-4 + 2)*(-15)/(-10). What is the greatest common factor of o and m?
5
Let j(g) = g. Let u be j(-5). Let x(n) = -22*n + 2. Let f be x(u). Calculate the highest common divisor of f and 14.
14
Let j(i) = -4*i + 76. Let n be j(18). What is the greatest common factor of n and 20?
4
Let i(v) = -v + 18. Let s be i(10). Let k(a) = -a**3 - 5*a**2 + a - 6. Let r be k(-6). What is the greatest common factor of r and s?
8
Let d = -35 - -21. Let r be 8/(-6)*21/d. Calculate the highest common divisor of 14 and r.
2
Let p be 13 + -14 - (-18)/(-2). Let s be (-1442)/p - 4/20. What is the highest common factor of s and 24?
24
Suppose f - 13 = -2*g, -3*g - f + 0*f = -21. What is the greatest common factor of g and 128?
8
Let r = 26 - -6. Calculate the greatest common factor of r and 4.
4
Let q be 18/30 - (-6)/(-10). Let k be 13 + q + 4 + -5. What is the greatest common factor of k and 108?
12
Suppose 2*r + z + 131 = 6*r, -5*r + 4*z + 172 = 0. Suppose 58 = 5*s - r. Calculate the highest common factor of s and 27.
9
Let q = 111 - 33. Calculate the greatest common factor of q and 195.
39
Let q(m) = 3*m**2 + 5*m. Let b be q(-5). Suppose 2*y - 9 = 21. Suppose 5 = o - y. What is the greatest common divisor of o and b?
10
Suppose 0*g - 2*g = -6. Calculate the highest common divisor of 9 and g.
3
Let t be (-1 - -7)*125/10. Let h = t + -10. Calculate the highest common factor of h and 26.
13
Let f be 4/(4 + (0 - 2)). Suppose 5*k = -5*c + 150, 0 = -2*c - 3*c + f*k + 164. What is the highest common factor of 80 and c?
16
Let d = -67 + 57. Let v(m) be the first derivative of -m**2/2 - 6*m + 1. Let u be v(d). What is the greatest common factor of 2 and u?
2
Let l(b) = b + 2. Suppose 4*x = 7*x - 33. Let 